7. Suppose -a = 4*a - 10. Is -4*j/(-56) - a/4 composite?
False
Let p(j) = 2383*j + 2793. Is p(8) prime?
False
Let h be 5/(45/(-12))*(-13 + 1). Suppose -h*c + 3*b + 3792 = -13*c, -b + 2513 = 2*c. Is c a composite number?
False
Let i(h) = -4 + 5 - 2 + 0 - 508*h. Let y be i(-2). Let r = y + -266. Is r composite?
True
Suppose 5*a - 7655102 = -v, -24*v = a - 22*v - 1531015. Is a prime?
True
Let g be (-17)/(-51) + (-106682)/6. Let z = -11663 - g. Is (-2)/((4/z)/((-10)/15)) a composite number?
False
Let v = -14 + 17. Let c = 3212 - 784. Suppose v + 0 = 3*n, -c = -3*r - n. Is r prime?
True
Let b be 6/(-10) - 78/(-30). Suppose 0 = -4*c + b*j + 51952, -2*j + 10426 + 41534 = 4*c. Is c prime?
False
Suppose 2*a - 56241 = 38137. Is a prime?
True
Let t(v) = 2*v**2 - 17*v + 30. Let f be t(8). Suppose 18*l = f*l - 776. Is l a prime number?
False
Let t = 69 - 65. Is 2/((t/1555)/((-44)/(-10))) a composite number?
True
Suppose 7*d - 48454 - 2611 = 0. Suppose 9*t - 4*t = 6300. Suppose q + 2*m - 1713 = 0, 5*q + 5*m - t = d. Is q a prime number?
True
Suppose -272*n + 276*n - 318983 = -y, -y - 79752 = -n. Is n a prime number?
False
Suppose -8*d + 65 = -21*d. Is 8 + 21477/(-5)*d prime?
False
Let g be -26*(6 + -8 + (-5 - -9)). Is 7/((-91)/g) - (-914 + -1) prime?
True
Let j = 1087 - 3919. Is ((2/1)/(-1))/(96/j) a prime number?
True
Suppose 0 = 9*k - 16*k. Let c(j) = 34*j + 6239. Is c(k) a composite number?
True
Let j be (-14)/(-6) - (-17)/(-51). Suppose -5*b - 4*z + 439 = -6*z, -j*b + 4*z = -166. Is b prime?
True
Suppose -515 = -u + 218. Let i = u - 314. Is i a prime number?
True
Is -2*7/7*555145/30*-3 a prime number?
True
Let t(s) = s**3 - 30*s**2 + 3*s - 79. Let h be t(30). Is h/33 + (-118120)/(-6) a composite number?
False
Let s(c) = 2*c**2 - 83*c - 30. Let f be s(42). Let r(j) = 56*j**2 + 14*j + 27. Is r(f) prime?
False
Let k be 16/12 + (-20980)/12 + -5. Let g = k - -4817. Is g a composite number?
True
Is 28/(-16) - (-201624)/32 composite?
False
Suppose -13*f - 19 = -6. Is 3/(f*(-2)/466) a prime number?
False
Let m = -4896 - -59543. Is m a composite number?
False
Let x(h) = 1450*h**2 + 276*h + 27. Is x(-10) composite?
True
Let v be 9/(-3)*(1 + (-60702)/9). Suppose -x = 22*f - 25*f + 30330, 3*x = -2*f + v. Is f a composite number?
False
Suppose -f - b + 17389 = b, -3*f = 5*b - 52162. Let k = -11588 + f. Is k a composite number?
False
Let k(a) be the third derivative of 5/3*a**4 - 47/6*a**3 + 0*a + 30*a**2 + 0. Is k(11) a prime number?
False
Suppose -7 = 3*z + 2*a, z + z - 12 = 2*a. Let g be 1 + z + 24750/11. Let r = g - 18. Is r composite?
True
Let q = 4921 + -3524. Is q composite?
True
Let c = -650786 + 939765. Is c a prime number?
True
Suppose -33*v = -35*v - l + 722846, 36 = 9*l. Is v prime?
True
Let q(v) = 15060 + 63*v - 55*v + 151*v - 15041. Is q(6) composite?
True
Suppose -79*a + 81*a - 10 = 0. Is (-1)/(((-54)/(-135))/((-55802)/a)) a composite number?
False
Suppose -4*y + 1129 = -5*y. Suppose -19*c - 2806 = 5098. Let h = c - y. Is h a composite number?
True
Suppose 39*n - 2610734 - 18506856 = 358423. Is n a composite number?
True
Suppose -5*r - 60 = -3*j, -4*r + j - 31 = 2*j. Let x be (3 - (-30)/r)*18/(-3). Suppose -k = 4*p - 655 - 335, 0 = x*k + p - 2008. Is k a composite number?
True
Suppose -26*y + 25*y = -2. Let s be ((-4)/y)/2*(4 - 7). Suppose -q - 2*q = 4*a - 1614, s*a + 1614 = 3*q. Is q composite?
True
Suppose 0 = -7*x + 11*x. Suppose x*n - 3 = -n. Suppose 0 = -2*q - 3*q - n*k + 790, -5*k - 186 = -q. Is q a prime number?
False
Let u(a) = -36*a**3 + 10*a**2 - 2*a + 10. Let f be u(4). Let y = 4321 - f. Is y composite?
True
Suppose 9*x = 15*x - 30. Suppose 2*d + 33 = 2*w - x, -4*d = 4. Is (-3646)/(-3)*27/w a composite number?
False
Suppose -3*u + 5*v = 1, u + v + 7 = 12. Is (4010/u - 1)/(29/87) composite?
False
Let d = -96 + -25. Let l = -264 - d. Let a = l - -562. Is a prime?
True
Suppose 7*d = d + 558. Let m be (4 + 167)/(3/d). Suppose m = 5*u + 16. Is u a composite number?
True
Is 35*(-2477532)/(-220) + (-4)/(-22) a prime number?
True
Suppose 9 = 4*d - 3. Let i(u) = -17 + u**d + 5*u - 3*u - 3*u**2 + 15. Is i(6) composite?
True
Let n = 1529752 - 751035. Is n prime?
True
Suppose d + 1100 = 12*d. Suppose 39*x - d = 34*x. Suppose 14*k + 5982 = x*k. Is k composite?
False
Suppose 0 = 119*j - 112*j - 172186. Is j/28 - (-1)/2 prime?
False
Let y(u) = 60*u + 9. Let w(l) = -1. Suppose -13*f + 3 = -10*f. Let m(j) = f*y(j) + 2*w(j). Is m(2) composite?
False
Is 27/(-150)*-447094 - (-2)/25 composite?
True
Suppose 4*u + 4*h - 5312 = 508, 4*h = 12. Let a = 2806 - u. Is (a/4)/((-2)/(-4)) prime?
True
Is -2 + 3/(-4)*57818*-6 composite?
False
Suppose -12*p + 3530052 = 24*p. Is p composite?
False
Suppose r - 2*t - 3 + 2 = 0, 4*r = -4*t + 28. Suppose 1369 - 406 = b + n, 4*n - 4819 = -r*b. Is b composite?
False
Let k = 2701 - -9258. Is k a composite number?
False
Let j = -64 - -91. Suppose 0 = 10*x - 0*x - 220. Suppose 7*r - j = x. Is r a composite number?
False
Suppose -12 = 2*h + 18*f - 15*f, -h + 4*f + 16 = 0. Let d(g) = g**3 - 3*g + 1477. Is d(h) a prime number?
False
Suppose -g = -29 + 25. Suppose -3694 = -g*s - 5*b, 2*b - b + 4603 = 5*s. Is s prime?
False
Let s = -452 - -455. Suppose s*c = 4*g - 2*c - 54501, -5*c = g - 13594. Is g composite?
False
Let u(q) = 112*q**2 + 48*q + 69. Is u(-29) a composite number?
True
Let w(h) be the second derivative of 23*h**3/6 - 3*h**2 - h + 1. Let q be w(12). Let f = q + 53. Is f prime?
False
Suppose -147*q + 142*q + 3310873 = 4*s, 5*q - 2*s = 3310891. Is q a composite number?
False
Let b(a) = -a + 8. Let r be b(4). Suppose -3*w + r*w = 3. Let o(s) = 72*s**2 - s + 2. Is o(w) a composite number?
False
Let a = 40794 + 75096. Suppose 0 = -47*d + 53*d - a. Is d composite?
True
Let p = 1540 - 968. Suppose s = -3*c + p + 558, 5620 = 5*s + 5*c. Is s a prime number?
False
Let f(w) = -11*w - 70. Let q be f(-9). Suppose -q*h + 26*h = -13011. Is h a prime number?
True
Suppose -2*a - 3*j + 32957 = 0, 4*a - 65923 = -0*a - 3*j. Is a composite?
True
Suppose 2*g - 2 = 4. Suppose -r = -u + g*u - 9, 2*r = u + 38. Suppose -97 = -6*f + r. Is f prime?
True
Suppose -r + 2*x - 58 = 3*x, 0 = -r - 5*x - 38. Is ((-1502)/3)/(6/r) prime?
False
Let x(j) = 10*j**2 + 40 + 2*j**2 + 5*j**3 - 37 + 14*j. Is x(10) composite?
False
Suppose -2*j + 24 = 4*j. Suppose 3*m - j = 2*o, 3*m + o + 0 = 16. Suppose 2*z + 824 = m*v - 900, 0 = 2*v + 4*z - 862. Is v a prime number?
True
Let n = 424332 - 162527. Is n prime?
False
Suppose -2*l + 216849 = 5*v + 45374, v + 4*l - 34277 = 0. Is v a prime number?
True
Let l = -4126 + 4505. Is l composite?
False
Let l(b) = b**2 - 16*b + 6. Let w be 12*(-2)/16*2*6. Let f be l(w). Suppose -y - 2*g + 6*g = -193, 0 = 3*y + g - f. Is y a composite number?
True
Let j = 207 + -119. Let v = j - 81. Suppose 0 = -v*c + 3344 + 12987. Is c a prime number?
True
Let v = 563 + -559. Suppose -2*y = 2*w - 56780, -2*w - 113551 = -v*y - 3*w. Is y prime?
True
Suppose -2*l + 536 = 3*w, -4*l + 3*w + w = -1052. Let a(p) = 67*p - 7*p - l*p + 17. Is a(-8) a composite number?
False
Suppose -25*m + 24*m = -4. Suppose -3*p - 24 = -5*v, 3*v + 6 = m*v - p. Suppose 5*q = -3*g - 0*q + 2942, -v*g + 2*q + 2935 = 0. Is g prime?
False
Suppose -3*n - 22716 = -b + 1607, 2*n = 3*b - 72969. Is b prime?
False
Let q(n) be the third derivative of -n**6/120 + 7*n**5/60 - n**4/24 + n**3/6 - 11*n**2. Let i be q(7). Is (-3)/i - (-4394)/4 composite?
True
Is 6/9*(-3649308)/(-104) a composite number?
True
Let b(y) = -y**3 + y**2 + y - 1. Let h = 43 + -44. Let t be b(h). Suppose 0*l - l = 3*c - 353, t = -4*l + c + 1360. Is l a prime number?
False
Suppose 6*o - 8*o = 0. Let y = -3 - o. Is y - (4 + -2 + -154) a prime number?
True
Let m = 6 + 11. Let a be (0 - -345)*(22 - m). Suppose 6*p - a = 15273. Is p prime?
True
Suppose -157522 - 637895 = -21*y. Suppose 6*f - 52813 - y = 0. Is f composite?
True
Let h(f) = 4*f - 2. Let q(l) = -3*l + 1. Let a(y) = 5*h(y) + 7*q(y). Let z be a(-10). Suppose 6*p + 77 = z*p. Is p a composite number?
True
Let z = -194 - -203. Suppose -z*v + 47589 = 20*v. Is v a composite number?
True
Suppose -2*l - 1 + 7 = 0. Let k be -3 + -2 + l + 3. Let j(c) = 862*c**3 - c + 2. Is j(k) composite?
False
Let h be (-3)/(-5 - 7) + (-118478)/(-8). Suppose 40*f = 30*f + h. Is f a pr